second derivative of -w**3/3 - 5*w**2/2 - w. Suppose 0*s - 1 = s + l, 4*l + 6 = -2*s. Suppose -4*q = -5*n + 6, 4*n = q - s - 3. What is a(q)?
3
Let c(d) = -9*d**2 + d - 2. Let k(u) = 4*u**2 - u + 1. Let a(f) = -3*c(f) - 5*k(f). Give a(-1).
6
Let l(k) = 5*k**2 - 5*k**2 - k**3 - 3*k**2 - k + 4*k**2 + 2. Determine l(0).
2
Let k = 4 + 1. Let h(s) = s**2 - 5*s - 2. Let b(l) = -l**2 + 5*l + 2. Let p(j) = 3*b(j) + 2*h(j). Calculate p(k).
2
Let m(b) = b**2 - 14*b + 12. Let x(v) = v**2 - 13*v + 11. Let f(g) = -5*m(g) + 6*x(g). Determine f(5).
-9
Let p(u) be the first derivative of u**3/3 + 3*u**2 - 4*u - 1. Let t be p(-6). Let j(i) = 3*i + 5. Calculate j(t).
-7
Suppose 2*u + 6 = 0, u + 4*u = -4*j - 11. Let y(d) = -d**3 - d**2 - d + 1. Determine y(j).
-2
Let g(y) = 5*y + 0 - 4*y + 2 + y**2. Let k(c) = 8*c + 0 + c**3 - 25*c**2 + 9 + 15*c**2. Let l be k(9). Determine g(l).
2
Let z = -15 - -20. Suppose -z*y = -y. Let k(o) = -o**3 - o**2 + 8. Give k(y).
8
Let d(w) = -w - 3. Let c(f) be the first derivative of -2 + f**2 - 1 + 5. Let m be c(-1). What is d(m)?
-1
Let x(a) = -a**2 + 4*a. Suppose -5*n = 5 + 5. Let m(d) = d**3 + 2*d**2 - 2*d - 1. Let p be m(n). Give x(p).
3
Suppose -3*s + 4 = -4*z, 5*z - 4*z - 6 = -s. Let m(c) = -3*c + 1 - 3*c - z + 4*c - 5*c**2. Give m(-1).
-4
Suppose 5*g = g - 8, 3*c - 16 = 5*g. Let j(u) be the first derivative of -u**4/4 + u**3/3 + u**2/2 - u + 2. Determine j(c).
-3
Let p(m) = -6*m**3 - m**2 + m + 1. Suppose 2*v - 6 = 16. Let g(l) = 17*l**2 - 25*l**2 - l**3 + 19*l**2 - 1. Let d be g(v). Determine p(d).
5
Let u(w) = -w**3 - 8*w**2 - 3. Let i be u(-8). Let t(g) = 10*g - 6. Let k(z) = -3*z + 2. Let y(r) = -7*k(r) - 2*t(r). Give y(i).
-5
Let i(v) = v**2 + 7*v + 6. Let b be i(-6). Suppose 4*n + 0*n = b. Let t(z) = -z**3 + z - 1. What is t(n)?
-1
Let r(n) = 8*n - 1. Let p(c) = 7*c - 1. Let g(f) = 4*p(f) - 3*r(f). What is g(1)?
3
Let m(f) = f + 8. Let b(k) = k**3 + k - 1. Let t(u) = -7*u**3 - 4*u**2 - 2*u + 7. Let z(j) = -6*b(j) - t(j). Let d be z(-5). Determine m(d).
2
Suppose -102*p + 100*p + 4 = 0. Let s(n) be the second derivative of -p*n - 1/2*n**3 + 0 + 3*n**2. Determine s(4).
-6
Let a(x) = -7*x**3 + 5*x**2 + 5*x + 3. Let k(u) = u**3. Let w = -10 - -11. Let f(g) = w*a(g) + 6*k(g). What is f(6)?
-3
Suppose -14 = 5*p - 14. Let l(z) be the third derivative of -z**5/60 - z**4/24 - z**3/6 + 2*z**2. Give l(p).
-1
Let w(k) be the second derivative of 0 + 3*k + 1/3*k**3 + 2*k**2. Determine w(-3).
-2
Let z(l) be the first derivative of -l**4/4 - l**2/2 - 8*l + 6. Give z(0).
-8
Let d(k) = k**2 - 9*k + 3. Let h = 48 - 42. What is d(h)?
-15
Let h(a) = -a**2 + a + 3. Suppose 12 = 2*k + 42. Let o = k + 15. Give h(o).
3
Let n(x) = x - 3. Let g(q) = 2 + 3 - 3. Suppose 3*z - 4*a = -7*a - 18, z + 5*a + 22 = 0. Let d(m) = z*n(m) - 3*g(m). Determine d(-3).
6
Let d(v) be the second derivative of -v**4/12 + 5*v**3/6 + 3*v**2 + 47*v. Determine d(6).
0
Suppose -2*q - 1 = -3*q. Let h(y) = -9*y**2. Calculate h(q).
-9
Let n be (-2)/4*(-3 - 5). Suppose 3*r - 3 = 2*r. Let q(i) = 6 - r - i - 2*i. Calculate q(n).
-9
Let h(s) = -s**3 + 3*s**2 + 7*s - 6. Let g = 3 + -6. Let p = g + 5. Suppose -3*t - 3*w + 9 = 0, p*t - 5*w + 2*w - 11 = 0. Determine h(t).
6
Let a(v) be the third derivative of v**6/120 - v**5/15 - v**4/6 + v**3/3 - v**2 - 18. Give a(5).
7
Let x(w) be the first derivative of w**2/2 - w + 1. Suppose -6*o + 2 = -4. What is x(o)?
0
Let b(r) = 4*r + 7*r**2 + 1 - r + r**3 + 0*r**3 + 0*r. Determine b(-6).
19
Let n(g) be the second derivative of g**5/4 - g**4/6 + g**3/6 + 15*g. Calculate n(1).
4
Let j = -4 - -7. Let d(b) = b + 9. Let u be d(-8). Let i(k) = j*k - 2*k - 2*k - u. Give i(-5).
4
Let x(h) be the second derivative of 0 - 7/12*h**4 + 1/2*h**2 - 2*h + 0*h**3. Let l be ((-2)/8)/((-2)/(-8)). Determine x(l).
-6
Suppose -14 + 17 = 3*j. Let n(k) = -32*k**3 + 2*k**2 - k. Give n(j).
-31
Let f(u) = u**2 + u. Let j(x) = 24*x**2 + 6*x + 1. Let n(t) = 6*f(t) - j(t). Give n(1).
-19
Let d be 8/(-32) + 9/4. Let n(x) = d*x - x + 69 - 59. What is n(-5)?
5
Suppose -2*y = 2*y + 36. Let s = -6 - y. Let l(w) = -1 + w - 1 + 0*w**s + w**3. What is l(0)?
-2
Let l(v) = -95*v**2 + 46*v**2 + 4*v + 48*v**2 + v**3 - 3. Give l(2).
9
Suppose 0 = 2*j - 5*o - 0 - 5, -4*o - 4 = -5*j. Let y = -3 + j. Let d(a) = -a**3 - 2*a**2 + 4*a - 1. What is d(y)?
-4
Let m(q) = 5*q. Let f be m(1). Suppose f*j - 20 = -5*r, -4*j - 5*r + 11 = -7. Let u(k) = k + 2. Give u(j).
4
Let c(o) be the second derivative of o**5/20 + o**4/2 + 7*o**3/6 + 2*o**2 + 2*o. What is c(-5)?
-6
Let x(l) = -l**3 - 12*l**2 + 1. Let o be x(-12). Let r(h) = -9*h + 1. Give r(o).
-8
Suppose 3*j = -4*u + 15, -2*u + 0*j + 3*j - 15 = 0. Suppose -4 + u = x. Let w(n) = -n**2 - 2*n + 1. Calculate w(x).
-7
Suppose -10*d = -13*d + 18. Let c(b) = -5*b + 3*b - 2*b - d + 2*b. What is c(-5)?
4
Let f = 20 - 7. Suppose 5*k + g = -f, 2*k = g - 2 + 1. Let s(j) = 5*j**2 + j - j**2 - 2*j**2 + 2*j + j**3. Calculate s(k).
-6
Suppose -4*c + 13 = -7. Let p(u) = -u**3 + 4*u**2 + 3*u - 5. Determine p(c).
-15
Suppose 0 - 3 = -a. Let s(l) = -2*l + 3*l**2 - 2*l**2 - 2 + a + 2*l**2. Suppose 12 = -3*t, 8*t + 14 = -2*d + 4*t. Calculate s(d).
2
Let g = -12 - -14. Let r be g + -2 - 0/2. Let z(a) be the second derivative of -a**4/12 + a**3/6 - 3*a**2 + a. What is z(r)?
-6
Suppose 0*o = 3*o. Let q(f) = f**3 - f**2 - f + 3. Determine q(o).
3
Let y be 4/(-12) - 5/3. Let o be (-46)/14 + y/(-7). Let w(z) = -z**2 - 6*z - 1. What is w(o)?
8
Let g(s) be the second derivative of s**5/20 - s**4/3 + s**3/3 - 2*s**2 + s. Let q = -16 + 20. Give g(q).
4
Let p(s) be the third derivative of s**4/12 - 2*s**3 + 6*s**2. What is p(8)?
4
Let l(y) be the first derivative of y**4/4 + y**3 - y**2 + 34. What is l(-3)?
6
Suppose 15 = -3*p, 10 = -2*j - 4*p - 2. Suppose -5*o - 30 = -j*l, -o = -l + o + 9. Let z(m) = m. Let q(f) = -2*f - 6. Let x(b) = q(b) + 3*z(b). What is x(l)?
-1
Let c(y) = -y**2 + 4*y + 1. Let d = -20 + 23. Determine c(d).
4
Let a(s) = 5 + 0 - 2*s + s. Let v(r) = -r**3 - r**2 - r - 1. Let p(t) = -t**3 - 2*t**2 + 2*t - 1. Let w be p(1). Let q be v(w). Give a(q).
0
Let q(f) = 1. Let g(h) = h - 3. Let m(c) = g(c) + 2*q(c). Let k = -2 + 7. Give m(k).
4
Let w be -3 - 1 - (-4 + 1). Let c(b) = -1 + 9*b**3 - b**3 + 0*b**3. Let r(t) = -t**3 - t**2 + t. Let n(z) = w*r(z) - c(z). Calculate n(1).
-6
Let o(s) be the third derivative of -s**5/30 + 4*s**2. Let q(p) = -p**2 - p. Let u(y) = -2*o(y) + 3*q(y). Determine u(4).
4
Let a(h) be the second derivative of -h**4/12 - h**3/3 + h**2/2 + 39*h. What is a(2)?
-7
Let s(o) = -o**3 - 2*o**2 + 4*o + 3. Let j(y) = -3 - y - y + y. Let r be j(0). Give s(r).
0
Let w(j) be the first derivative of j**4/2 + j**3 + j**2/2 - j - 3. What is w(-2)?
-7
Let l(a) = -10*a**2 + 5*a - 12. Let f(i) = -3*i**2 + 2*i - 4. Let o(t) = 7*f(t) - 2*l(t). Suppose 2*g = 2*b + 8, g - 4 = -0*b - 2*b. Determine o(g).
-4
Let m(g) = 7*g**2 - 5*g - 2. Let y(v) = 6*v**2 - 5*v - 1. Let c(z) = 5*m(z) - 6*y(z). Let k(x) = x**3 - 5*x**2 + 2*x - 5. Let f be k(5). Calculate c(f).
-4
Let b(o) = -o**2 + 4*o + 2. Let g be b(4). Suppose -4*r - v - 6 = 0, -g*r + v - 6 = -0. Let a(y) = 2*y**2 + 1. Give a(r).
9
Let i = 6 - 4. Let p = -32 - -37. Let n(k) = -k - i + p + 5*k. Give n(-2).
-5
Let s be ((-117)/52)/(6/16). Let v(a) = a + 6. What is v(s)?
0
Let h(x) = x + 8. Let a be h(-5). Suppose 3*y - 9 = -0*y. Let j(w) = y*w + 4*w**2 - 2*w**2 - w**3 - 3 + w. What is j(a)?
0
Suppose l + 4*l + 4*h + 3 = 0, -4*l + 4*h = 24. Let v(a) = -4 + 2*a**2 - a**2 + 0*a + 2*a. What is v(l)?
-1
Suppose 5*i - 3*i - 10 = -3*k, -2*k + 8 = i. Let f(p) = -p**3 + 7*p**2 - 7*p - 6. Give f(k).
-12
Let i(p) = 9*p**3 + 12*p**2 - 13*p + 13. Let d(h) = -5*h**3 - 6*h**2 + 7*h - 7. Let b(j) = 11*d(j) + 6*i(j). Let n be 8 - (1 - (3 + -4)). Give b(n).
-5
Let p = 0 + 3. Let n(l) = -2*l**2 + 0*l**p + l**2 + 3*l**3. Determine n(1).
2
Let b(i) = i**3 - 2*i**2 + 5*i - 4. Let n(l) = l**3 - 2*l**2 + 6*l - 5. Let q(j) = -3*b(j) + 2*n(j). Let s = -2 + 4. Calculate q(s).
-4
Let c(m) = 6*m**2 - 5*m**2 + 2 - 2. Let p be c(-1). Let u(t) = 8*t + 1. Determine u(p).
9
Let f(m) = 5*m. Let t(u) = -8 - u - 2*u + 5 + u**3 + u**2 - 4*u**2. Let s be t(4). Determine f(s).
5
Let h(s) be the second derivative of -s**3/6 - s**2 - 19*s.